u - 10, 5*p + 20 = 5*u. What is f(p)?
7
Suppose -2 = 2*g - h + 1, 29 = -g - 5*h. Let o be 9/(-6)*g/3. Let t(b) = -2*b**2 + 3*b - 2. Calculate t(o).
-4
Let r(k) = k**3 - 2*k**2 + 2*k. Let q(m) = m**2 - m. Let c be q(2). What is r(c)?
4
Let l(v) = -1. Let i(y) = -2*y - 5. Let w(o) = -i(o) + 6*l(o). Calculate w(2).
3
Let n(p) = -5*p**3 - 2*p + 1. Let z = -22 + 23. Suppose -4*v + z + 7 = -4*r, 4*v + 2*r - 2 = 0. Give n(v).
-6
Let i be -7 + (5 - 3)*1. Let u(m) = m - 6. Let a(w) be the first derivative of w**2/2 - 7*w - 1. Let q(k) = i*a(k) + 6*u(k). What is q(-5)?
-6
Let d(o) = o**2 + o - 1. Let f(l) = l**3 + 5*l**2 + 2*l - 3. Let w(g) = -6*d(g) + f(g). What is w(2)?
-1
Let p(t) = -t + 3. Suppose 5*g = -5*u + 5, 5*u - 2*g = 2*g + 14. Suppose -3*k + 3*y + 6 = 18, 0 = 4*k - u*y + 14. Calculate p(k).
6
Let m be (4/10)/((-1)/5). Let f = -20 - -28. Let c(t) = -8*t + f*t + t**2 + t**3 + 3*t + 3. Calculate c(m).
-7
Let w(i) be the first derivative of i**5/20 + i**4/4 + i**3/6 + i**2/2 - 8*i + 1. Let l(u) be the first derivative of w(u). What is l(-3)?
-2
Let y(n) = 7*n**2 - 3. Let z(b) = -2*b**2 - 2 + 8 - 2*b**2 - 5. Let p = 2 + 0. Let g(s) = p*y(s) + 5*z(s). Give g(-1).
-7
Let c(x) = -x + 2. Let y be (-2)/(-2)*(1 - 2). Let z = -4 - -2. Let b be z + 0 - (0 - y). Give c(b).
5
Let b(y) = y**2 + 15*y - 16. Let v be b(-16). Suppose v = -2*l + 6*l. Let j(k) = -k**2 + 2. Calculate j(l).
2
Let h(w) = -w**3 + 3*w**2 + 3*w + 3. Let d(v) = v**3 + 5*v**2 - 14*v + 3. Let i be d(-7). What is h(i)?
12
Let p(j) = -2*j + 1. Let h(v) = -v. Let w(m) = 3*h(m) - p(m). Give w(-2).
1
Let b be ((-10)/5)/((-2)/3). Let h(x) = -1 - x**2 - 4*x - x**3 + 2*x + b*x**3. Let a(l) = -l + 4. Let o be a(5). Give h(o).
-2
Let g(j) = j**2 + 2*j + 3. Let k(t) be the first derivative of -t**2/2 + 1. Let x be k(2). Let a = -5 - x. Determine g(a).
6
Let g(k) = -4*k + 27. Let j(r) = 2*r - 13. Let y(o) = 3*g(o) + 5*j(o). Let b be y(7). Let h(w) = w + 2. What is h(b)?
4
Let d(r) = 4*r - 2. Suppose -6*m = -8*m - 8. Give d(m).
-18
Let k(s) = -2*s + 4. Let l(v) = -v - 18. Let c be l(0). Let w be 6/27 + (-68)/c. Calculate k(w).
-4
Let l be (-7)/14*(-2 + 4). Let n(v) be the third derivative of v**4/12 + 3*v**2. What is n(l)?
-2
Let b(r) = 10 - 2*r + 4 - 11. Suppose -3*m + 0*m = -3*o, o - 15 = -2*m. Suppose 0 = -4*g - 3*w + 9, m*w = 6*g - g - 20. What is b(g)?
-3
Let d(z) be the first derivative of -z**3/3 + 5*z**2/2 - 7*z - 2. What is d(5)?
-7
Let j(n) = -n**3 + 2*n**2 + 4*n. Let a be -9 - (-2 - (3 - 6)). Let y = a + -3. Let q be y/(-5) - 4/(-10). Calculate j(q).
3
Let a(i) = 8*i**3 - i. Let j be a(1). Let m(n) = n**3 - 6*n**2 - 6*n - 2. Let g be m(j). Suppose t = g*t. Let s(h) = h**3 + h**2 + 3. Calculate s(t).
3
Let o(q) = -q + q**3 + 19 - 18 + 0*q - 6*q**2. Give o(6).
-5
Let g(l) = 3*l**2 - 3*l - 2. Let i(q) = 13*q**2 - 13*q - 9. Let r(w) = 9*g(w) - 2*i(w). Give r(1).
0
Suppose 0 = -3*u + 4*n + 24, 5*n - n = u. Suppose -3*q + 3 + u = 0. Let y(v) = -v**3 + 4*v**2 + 2*v + 6. What is y(q)?
-9
Let o(x) = -x**3 - 9*x**2 - 8*x - 2. Let i be o(-8). Let c(y) = -y**3 - 4*y**2 - 4*y - 3. Give c(i).
-3
Let d = -8 + 11. Suppose 5*h - 2*r + 5 + 10 = 0, 5 = 2*h - d*r. Let f(g) = -g**3 - 5*g**2 - g + 1. Calculate f(h).
6
Let i(h) = h**3 + 6*h**2 + 6*h - 3. Let b be -2 - (2/(-2))/((-4)/12). Give i(b).
-8
Let u(i) = -3*i - 8. Let z(w) = 3*w + 9. Let r(s) = -5*u(s) - 4*z(s). Give r(-4).
-8
Let w(d) = 395*d**2 - d + 4 + d**3 - 2 - 401*d**2. Give w(6).
-4
Suppose -3*b - 9 + 15 = 0. Suppose -2*t - 27 = -5*d, 5*t + 3 = -2. Let z(o) = -2 - 6*o**2 + d*o + 3*o**2 + 2*o**2. Determine z(b).
4
Suppose 0 = -4*y - 2*j + 6, -4*j - 12 = -0*j. Let d(u) = -u + 3*u - 2*u**2 + 0*u**2 - y*u. What is d(-1)?
-1
Let x(b) be the first derivative of -b**3/3 - 2*b**2 + 6*b - 1. What is x(-6)?
-6
Let p be (6/2)/(4/(-24)). Let j be (p/27)/(2/(-24)). Suppose -4*w + j = -2*c, w - 3*w + 8 = -3*c. Let b(z) = -2*z**2 - 3*z - 1. Give b(c).
-3
Let u(f) = 4*f - 1. Let d be 3/(-15) + 2/10. Suppose 0 = -d*k + 3*k - 3*i + 3, -2*k = 2*i - 10. Determine u(k).
7
Let m = -29 - -38. Let i(h) = h**3 - 8*h**2 - 10*h + 10. What is i(m)?
1
Let h(d) = d**3 + 7*d**2 - 7*d + 7. Let s be h(-8). Let p(f) = -5*f + 1. Let w be p(s). Let u(y) = 6 - 2*y - w + 0*y. Determine u(3).
-6
Let u(r) be the third derivative of 0*r + 1/6*r**4 + 3*r**2 - 1/3*r**3 + 0 + 1/60*r**5. Give u(-5).
3
Suppose 12 = 4*s - 0. Let o(j) = -6 - 3*j + s - 2 + 2*j. Give o(-4).
-1
Let a(i) = 2 - i**2 - 1 - 2. Let t(r) = r**3 - 2*r**2 - r + 4. Let b(g) = -a(g) - t(g). Let w = -69 + 72. Calculate b(w).
0
Suppose 3*l - 11 = -2*z, 2*l - 2*z + 4 = -2. Let i = 2 - 2. Let c(v) = 3 - 2 + v**3 + i. Determine c(l).
2
Suppose -2*t = 3*m, 2*m = -0*m - t + 1. Suppose m*s - 5 = -1. Let w(x) be the first derivative of x**2/2 + x - 1. Give w(s).
3
Let m(x) = x - 2. Let u be m(1). Let q(i) = 10*i**3 + i**2 - 1. Determine q(u).
-10
Suppose 1 = -k + 4. Let j be ((k + -2)*3)/(-1). Let h = 6 + j. Let i(u) = u - 6. Give i(h).
-3
Let u(x) = -2*x**3 + x**3 + 2*x**2 + 0*x**3 - 5*x**3 - 1. Let m be 6 + (1 - 0/2). Suppose -2*n = -2*o + 3*n + m, -1 = -2*o - n. Calculate u(o).
-5
Let o(t) be the third derivative of -t**4/24 + t**2. Give o(0).
0
Let m = 4 - 2. Let g be 13/5 - (-48)/(-80). Let i(z) = 2*z**3 + 3*z**2 - g*z**m + 2*z**2 + z + 1. What is i(-2)?
-5
Let v(a) = -a**3 - 3*a**2 + 3*a - 2. Let u be (-8 - 0)/(6/3). What is v(u)?
2
Let b(i) = i**3 + 6*i**2 + 2*i + 5. Suppose -2*z = 19 - 55. Let m = 12 - z. Calculate b(m).
-7
Let n(x) be the second derivative of x**4/12 - x**3/6 - x**2/2 + 2*x. Give n(-1).
1
Let s(r) = 9*r**2 - 10*r**2 - 3*r**2 + 3*r**2 - 8*r - 8. What is s(-9)?
-17
Let k(r) = r**2 + 9*r - 8. Let m(x) = x**3 - 2*x**2 - 4*x - 2. Let t be m(-2). Determine k(t).
2
Let m(f) = -f - 6. Let b be -1*5/(-25) - (-2)/(-10). Give m(b).
-6
Suppose -i = 3*u - 18, -4*u - 2*i = -5*i - 11. Let v(t) = 0*t**3 - 4 + 6*t**3 - 4*t**2 - u*t**3. Calculate v(4).
-4
Let l(c) = -2*c**2 - 14*c - 11. Let y(v) = -v**2 - 7*v - 6. Let z(p) = -3*l(p) + 5*y(p). Calculate z(-7).
3
Let v(n) = -6*n - 7. Let y(t) = -17*t - 20. Let q(p) = 11*v(p) - 4*y(p). Calculate q(-4).
-5
Let f be (-13)/(-5) + 2/5. Let d = f + -6. Let x(c) = 3*c - 116 + c**2 + 116. Give x(d).
0
Suppose n + 14 = 3*x + 5*n, -3*n = -3*x. Suppose 1 = x*m - 11. Let t(w) = w**3 - 6*w**2 + w - 3. Calculate t(m).
3
Let h(c) be the third derivative of -c**6/360 + c**5/24 - c**4/12 + 3*c**2. Let y(m) be the second derivative of h(m). What is y(5)?
-5
Let v(n) = 2*n - 1. Let q be -8*2/(6 - 2). Let c(s) = -6 + 0 - s + 0*s. Let z be c(q). What is v(z)?
-5
Let l(r) = -r - 2. Suppose 18 = 8*g - 5*g. What is l(g)?
-8
Let h(a) be the first derivative of -a**2/2 - 7*a + 1. Let r = -2 + -3. Give h(r).
-2
Let f(p) = 181*p**2 - 2*p - p - 183*p**2 - 2 - 2*p. Calculate f(-4).
-14
Let t(c) = c + 2. Let y be t(-3). Let r be (-1 - 1)/(-4)*0. Let i(l) = 0*l + r*l**2 - 1 - l**3 - l**2 - l. What is i(y)?
0
Let l = -10 + 12. Let z(i) = -i + 4 + 0*i + 0 - l. Let r = 10 + -6. What is z(r)?
-2
Let u = -2 + 7. Suppose 4*n + t = -41, 5 = -4*n + 4*t - 51. Let w = n + u. Let a(f) = -f**3 - 6*f**2 + 5. Give a(w).
5
Let t(j) = 13*j**3 + j**2 - j + 1. Let y(h) = h**2 - 3*h + 3. Let g be y(2). Determine t(g).
14
Let s(c) = 3*c**2 + 2*c + 2. Suppose -8*r = -3*r. Suppose r = 5*g + 2*n + 10, -5*g + 0*n + 4*n - 10 = 0. Calculate s(g).
10
Let o(s) = s + 3. Let v be o(6). Let x(y) = -v - 3*y + 3*y + y - 2. Give x(0).
-11
Let q(y) = y**2 + y - 4. Suppose -2*g - g = 0. Determine q(g).
-4
Let m(i) = i**2 + 4*i - 8. Let q(s) = -s**3 - 17*s**2 - 15*s + 10. Let y be q(-16). What is m(y)?
4
Suppose 0 = -16*q + 80 - 240. Let a(r) = -r - 9. Calculate a(q).
1
Let f(j) = -6*j - 3. Let d(u) = -9*u - 4. Let g(q) = q + 1. Let c(z) = -d(z) - 6*g(z). Let b be c(2). Suppose b*o = 4*v, v + v + 2*o = -8. Determine f(v).
9
Let s(a) be the first derivative of a**4/4 + 4*a**3/3 - a**2/2 - 2*a + 2. Suppose 2*d + 5 = -1. Let n = -7 - d. Give s(n).
2
Let u(o) = -3*o**2 + 2*o - 1. Let s be u(1). Let a = 5 + s. Let t(m) = 7*m**2 + 3*m**3 + m + 0*m**a - 6*m**2. Give t(-1).
-3
Suppose 0 = -3*r, -2*y + 3 = -y + 4*r. Let w(h) = -5*h - 5 + y + 4*h. Suppose 6 = -3*k + 3*t, 0 = 5*k - 0*k - 4*t + 8. Determine w(k).
-2
Let n be (-11 - -2)*2/(-3). Let r(d